 6) + -5)) + 5?
8
What is the value of -67 - -90 - (3 - -4)?
16
Evaluate -16 + (0 - (-2 + 0)) - 3.
-17
What is the value of 1 + -1 + (15 - 17) - -16?
14
Calculate 7 - (-21 + (29 - 13)).
12
Calculate -892 - -898 - (-1 - (-12 - -2)).
-3
What is (-3 - (-1 + -1)) + (10 - 12)?
-3
Calculate -1 - ((-29 - -9) + 0 + 7).
12
What is the value of -12 + (-3 - -2) + -13 + 17 + -8?
-17
Evaluate -11 + (5 - -6) + 18.
18
Calculate -3 - ((-5 - (-6 + (1 - -2))) + -2).
1
What is -5 + 1 + (4 - 14)?
-14
What is 1 - (-4 - (38 + -16))?
27
-8 - (-36 + (2 - (-6 + -3)))
17
What is the value of -34 + 29 + -20 + 8?
-17
What is the value of 16 - (-21 - -42) - (-2 + -5 + 1)?
1
11 + (5 - 5 - 3) - 4 - 7
-3
Calculate (-14 - -23) + -2 - -6.
13
(-1 + 0 - -2) + 28 + -16
13
What is 48 + -49 + (7 - 6)?
0
What is 6 + -2 + -1 + -21 + -11 + -4?
-33
-4 + (4 + -7 - -4) + 5 + 5
7
What is the value of 2 - 5 - (7 - (-2 + 47)) - 9?
26
Evaluate -5 + (1 - -3) + -3 - -4 - -8.
8
5 + 10 + -25 + -4
-14
Evaluate -3 - -7 - (-3 + 0) - (2 - -2).
3
Evaluate 21 + -3 + (-31 - 3).
-16
Calculate 11 - 6 - (11 + -12 + (3 - 6)).
9
What is the value of 8 - (13 + -22 + 15)?
2
(0 - (1 + -2)) + -12 + (-654 - -690)
25
Calculate 9 + 8 + (-10 - -5).
12
-14 + -29 + 68 - 3
22
What is the value of -7 + (4 - 3 - 1) + -91 + 98?
0
What is 16 - (21 + -8) - (5 + 0) - -17?
15
What is -11 - ((-8 - -1) + -1 + (7 - 5))?
-5
What is 429 + -431 + (-2 - 6) + (5 - 7)?
-12
Evaluate -11 - (-11 + -22 - (-1 - 0 - -7)).
28
-5 - (4 - (7 - 3) - 7)
2
Evaluate -1 - (4 + (-5 - (-4 - 2)) + 1).
-7
(-26 - -38) + 6 + (-8 - -4) - 4
10
Evaluate -227 + 209 - (-35 - 0).
17
What is 8 + 15 - 48 - -6?
-19
What is (-27 - (-23 + -11)) + 5?
12
What is 3 + 29 - (89 + -72)?
15
What is 12 + 27 + 12 + -37?
14
Calculate -17 + 13 + 15 + -20 + -1.
-10
What is the value of (-57 - -2 - -70) + 6 + -1?
20
Calculate (-12 - (-1 + -3)) + 21.
13
32 + 4 + -24 + -41
-29
What is the value of -20 + (14 + -20 - -11)?
-15
What is -6 + (27 - 16 - (1 - 0))?
4
Calculate 50 + 1 + (-1833 - -1808).
26
What is the value of (-12 - (-2 + -9 + 5)) + 3?
-3
Calculate (597 - 583) + (-30 - 0).
-16
What is the value of -10 + 0 + (45 - -3) + -51?
-13
Evaluate ((-1 - -16) + -23 - -50) + -8.
34
-16 + (2 - 2) + -2 + -10
-28
Evaluate 4 + (-7 - -6 - (4 - 18)).
17
What is the value of 142 - 128 - (16 - -1)?
-3
What is -2 - (3 + -9 + 15)?
-11
Calculate -12 - (16 - 6 - 23).
1
Calculate 1 + -1 - -5 - -3.
8
What is the value of -1 + 0 + 8 - (1519 + -1515)?
3
Evaluate (23 - (17 + -8) - 12) + 0 + 1.
3
(34 - 10) + (-6 - (-6 - -2))
22
Evaluate 1164 - 1158 - (1 - (4 - (3 - 1))).
7
What is the value of -5 + -3 - (-10 + -17 + (18 - 8))?
9
What is the value of 14 - (19 + 11) - -30 - 12?
2
Calculate (-10 - -6 - -3) + -4 + (-1 - -9).
3
Calculate (-19 - -33) + -22 + 26.
18
(-7 - (8 + -32 + 2)) + -23
-8
Calculate -22 + -1 + 4 + 0 + 4 + 0.
-15
What is -5 - (-1 + -1 + 5 - 6 - 6)?
4
Calculate -1 - -6 - (1 + (-9 - -6)).
7
-6 + (-4 - -7 - -16 - 6) - -6
13
Calculate (-19 - (0 - 16)) + -7.
-10
Calculate 5 - -27 - 28 - ((-1 - 12) + -2).
19
Calculate -6 - ((-2 - 12) + -1) - (0 - -8).
1
Calculate -3117 + 3121 - (0 + -1 + 27).
-22
-15 + (-9 - 0) + 10 + 11 + 17
14
(-5 - (-12 + -15 + 28)) + (2 - -2)
-2
Calculate -10 + 19 + (25 - 46).
-12
Evaluate -4 + 2 + (3 - 6 - 1 - 10).
-16
Calculate (-27 + -16 - -29) + (-20 - -7).
-27
What is the value of -6 + (-8 - -9) + 14 + -7?
2
Evaluate (39 - 5) + 11 + -2 + (6 - 25).
24
What is the value of (1 - -11) + -30 + 7?
-11
Evaluate 12 + -1 - ((-10 - -32) + -6 + -14).
9
(10 - (-14 - (-6 + 4))) + -14
8
Evaluate -8 - (21 - (16 - -16)).
3
Calculate 4 + -42 - (-43 - -23).
-18
What is the value of (-12 - (14 - 36)) + (-3 - -7)?
14
What is (-1 - 2) + 8 + (17 - 19) - 7?
-4
Calculate 467 + -439 + 2 + -23.
7
What is (-35 + 21 - 22) + 12?
-24
What is the value of -5 + -2 + 14 - (25 - 2)?
-16
What is the value of 7 + -1 + (-11 - (-16 - -18))?
-7
Evaluate -16 + (30 - 22) - (-4 + 1) - 9.
-14
What is 19 + (13 - 3) + 2 + (-2 - 0)?
29
Calculate 60 + -27 + 4 + -39.
-2
Evaluate -3 + 5 - -16 - ((24 - 2) + -15).
11
Evaluate (4 - 1) + (110 - 115) + 0 + -7.
-9
What is the value of (43 + -7 - 32) + (0 + 3 - 1)?
6
4 - (-4 + 0 + 0) - (-15 + 14)
9
What is (5 + 2 - 2) + -5?
0
(19 + -3 - 12) + -9 - (0 + 1)
-6
Calculate (33 - 61 - -18) + 27.
17
What is 14 + -19 - (9 - (-17 - -35))?
4
Evaluate 0 + 0 - (-40 + 13).
27
What is -12 + 34 + 2 + -26?
-2
What is (-6 - (-3 + 4 - 5)) + -1?
-3
What is 86 + -112 - (0 - 10)?
-16
-6 - (20 + -22 + -1)
-3
What is (-16 - (6 + -17 + 8)) + 4?
-9
33 + (11 + 21 - 61)
4
What is 5 + (5 - 12) - -6?
4
Evaluate -3 + (24 - 2) - (10 - 1).
10
What is the value of -12 - -1 - (-11 + -5)?
5
-7 - (18 + -20) - -5
0
What is the value of -7 - -5 - (2 - -20) - (-53 + 49)?
-20
0 + (22 + -31 - 8)
-17
Calculate 39 + -54 + -3 + 1 + 5 + 2.
-10
What is 5 - (6 + 9 + -4)?
-6
Calculate -9 + 7 + 0 + 0 + (139 - 138).
-1
What is -10 - (20 - -3 - 30)?
-3
21 + -56 + (34 - 7)
-8
Evaluate (9 - (3 + 3 + 2)) + 14.
15
What is the value of (3 - (2 - 12)) + -21 + 9?
1
-18 + -15 + 15 - -9
-9
Calculate 45 + (17 - 35) + -13.
14
Evaluate 2 - -4 - (187 - 183).
2
-12 - (-8 + 9) - (-7 - -3)
-9
-5 - 0 - ((-21 - 18) + 31)
3
What is 0 + -7 + 10 - 9?
-6
Calculate -27 - (-22 + 50 - 32).
-23
What is the value of (0 - 15) + (-242 - -242)?
-15
(-30 - -2) + 2 + (22 + -4 - 25)
-33
What is the value of -7 - (-8 + -3 + 3)?
1
-8 - (-14 - (3 - 1)) - (-2 + -1)
11
What is (-10 - (-1 + -6 - (4 - 3))) + 9?
7
Evaluate (5 - 3) + -6 - -7 - (24 - 9).
-12
Evaluate -13 - (-7 + 3 - -1 - 0).
-10
What is 2 - ((10 - 5 - 13) + 6)?
4
Calculate 13 - 23 - (-5 - -8 - -5).
-18
-2 + -2 + (-46 + 28 - -17)
-5
What is (47 - 48) + -3 + (-1 - 1)?
-6
What is the value of -1 - (-35 + 2 - -7 - (-3 + 6))?
28
Evaluate 144 + -139 - (1 + 1 + -5).
8
Evaluate 6 + (-8 - -29) + -31.
-4
Calculate -2 + (10 - (-3 - -6)) - (9 - 2).
-2
Calculate 2 - ((-1 - 7) + (-18 - -24)).
4
-25 - (6 - (-1 + 13))
-19
What is the value of (2 - (-2 + 2)) + (-182 - -187) - 0?
7
Calculate 11 + -7 + (2 - (-8 - -16)) + -16.
-18
Evaluate (-1 - (-2 + 4)) + 1 - (186 + -167).
-21
Evaluate (32 - -3 - (-33 + 42)) + -4 + -3.
19
What is the value of -10 + -1 + (8 - 9) + -3 + 2?
-13
-481 + 484 - (-1 + -2 + 1 + 19)
-14
What is -6 - ((-16 - -15) + -5)?
0
What is the value of 0 + 2 + (-3 - -17 - (-40 + 40))?
16
Calculate 2 - 21 - (-2 - 0 - (46 + -41)).
-12
Calculate 3 + (-3 - 2) + (-7 - -3).
-6
What is the value of (0 - (7 + -8)) + (0 - 0 - 6)?
-5
Evaluate 4 + -1 + 4 - (7 + -13).
13
What is -29 + 13 + 15 - -14?
13
What is 0 - 13 - (59 + -68)?
-4
Evaluate -42 + (-25 - -42) - -15.
-10
What is 1 + -11 + 3 + (3 - (-17 - 3))?
16
What is 7 - (1 + -39 + 51)?
-6
What is the value of -52 + (20 - 24) + 28?
-28
-3 + (0 - 2) + (14 + -7 - 9)
-7
What is -2 + 34 - (-675 + 720)?
-13
Evaluate 1 - 15 - (-46 + (-37 - -107)).
-38
Evaluate (16 - 7) + -10 - (-5 - -1 - -10).
-7
-6 + -2 + -1 + 3 + 4
-2
What is (-15 - -3 - 7) + 31 + -16?
-4
Calculate -4 + (18 - (10 + -2)) - (-8 - 0).
14
Evaluate 0 + 9 + -7 + -6 - (18 + -58).
36
What is -10 + 28 + -16 + -12?
-10
(2 + 3 - 3) + -21 + (29 - 1)
9
-4 + 1 - -10 - (-10 + (17 - -10))
-10
Evaluate (-16 - -20 - -21) + -19.
6
(-1 - -12) + -6 + -1 + 676 + -661
19
What is the value of (1 - 3) + (-4 - 2 - 4)?
-12
What is the value of -5 - ((-4 + 7 - 7) + (-5 - -13))?
-9
What is -91 - -59 - (2 - 4 - 9)?
-21
74 + -89 - (-46 + (-8 - -15))
24
What is -3 + (33 + -56 - -12)?
-14
What is (10 - 8 - -3 - (-1 + 1)) + 13?
18
0 - (-6 - (-3 - -6))
9
5 - (15 - ((4 - 2) + 2 + 3))
-3
Evaluate -8 + -11 + -11 + 17.
-13
19 - 10 - (21 + -6)
-6
What is the value of (11 - 12) + (-2 - 5) + 1?
-7
What is (9 - 0) + -128 + 98 - -10?
-11
What is the value of 24 - (10 + 25 + -6)?
-5
What is 0 - (15 - (-2 - (0 + 0)))?
-17
Evaluate (47 - (-24 - -77)) + 6 + (-1 - 0).
-1
What is the value of 15 - 5 - ((10 - 28) + 25)?
3
What is 186 + -182 - (1 + -1 + -13)?
17
Evaluate 9 - (-3 - -20) - (-41 - 2).
35
What is the value of -219 + 192 + (13 - -1)?
-13
-43 - (-9 + 33 + -58)
-9
Evaluate -8 + (-7 - 1) + (31 - 26).
-11
What is (1 - 1) + -2 + -6 - (-10 + -2)?
4
What is 15 + (1 - -4) + -8?
12
What is -2 - 0 - 4 - (-20 + 26)?
-12
What is -3 - 1 - (-1 - 2 - -8 - -1)?
-10
(0 - (10 + -17)) + 2 + -3
6
What is the value of (-5 - -5) + 50 + -75?
-25
Evaluat